r when 31 is divided by 14?
3
Calculate the remainder when 58 is divided by 21.
16
What is the remainder when 628 is divided by 17?
16
Calculate the remainder when 47 is divided by 19.
9
Calculate the remainder when 343 is divided by 68.
3
What is the remainder when 55 is divided by 14?
13
What is the remainder when 227 is divided by 11?
7
What is the remainder when 349 is divided by 28?
13
What is the remainder when 7998 is divided by 127?
124
What is the remainder when 386 is divided by 109?
59
What is the remainder when 155 is divided by 91?
64
Calculate the remainder when 208 is divided by 119.
89
Calculate the remainder when 1219 is divided by 26.
23
Calculate the remainder when 864 is divided by 78.
6
Calculate the remainder when 321 is divided by 81.
78
What is the remainder when 53 is divided by 11?
9
What is the remainder when 365 is divided by 62?
55
What is the remainder when 49 is divided by 42?
7
Calculate the remainder when 4137 is divided by 18.
15
What is the remainder when 30740 is divided by 21?
17
What is the remainder when 4172 is divided by 13?
12
What is the remainder when 2422 is divided by 161?
7
Calculate the remainder when 259 is divided by 90.
79
Calculate the remainder when 77 is divided by 40.
37
Calculate the remainder when 256 is divided by 139.
117
Calculate the remainder when 54 is divided by 36.
18
Calculate the remainder when 29048 is divided by 11.
8
Calculate the remainder when 16 is divided by 10.
6
What is the remainder when 72167 is divided by 12?
11
Calculate the remainder when 1037 is divided by 52.
49
Calculate the remainder when 8151 is divided by 27.
24
What is the remainder when 731 is divided by 24?
11
What is the remainder when 49 is divided by 42?
7
Calculate the remainder when 24892 is divided by 16.
12
What is the remainder when 174 is divided by 22?
20
What is the remainder when 1743 is divided by 96?
15
What is the remainder when 2750 is divided by 27?
23
Calculate the remainder when 62 is divided by 13.
10
Calculate the remainder when 626 is divided by 61.
16
What is the remainder when 245 is divided by 31?
28
What is the remainder when 340 is divided by 64?
20
What is the remainder when 41 is divided by 26?
15
What is the remainder when 348 is divided by 45?
33
Calculate the remainder when 6419 is divided by 189.
182
What is the remainder when 50 is divided by 33?
17
What is the remainder when 1593 is divided by 107?
95
What is the remainder when 1678 is divided by 112?
110
Calculate the remainder when 549 is divided by 50.
49
Calculate the remainder when 390 is divided by 371.
19
Calculate the remainder when 108 is divided by 43.
22
What is the remainder when 95 is divided by 11?
7
What is the remainder when 1933 is divided by 13?
9
Calculate the remainder when 2893 is divided by 15.
13
Calculate the remainder when 8732 is divided by 78.
74
Calculate the remainder when 160 is divided by 27.
25
What is the remainder when 2072 is divided by 16?
8
Calculate the remainder when 2324 is divided by 260.
244
What is the remainder when 473 is divided by 37?
29
Calculate the remainder when 2354 is divided by 19.
17
What is the remainder when 206 is divided by 14?
10
Calculate the remainder when 284 is divided by 22.
20
Calculate the remainder when 4456 is divided by 223.
219
What is the remainder when 1018 is divided by 34?
32
What is the remainder when 209 is divided by 14?
13
Calculate the remainder when 274 is divided by 143.
131
Calculate the remainder when 516 is divided by 163.
27
Calculate the remainder when 46 is divided by 31.
15
What is the remainder when 134 is divided by 35?
29
What is the remainder when 375 is divided by 344?
31
What is the remainder when 5752 is divided by 522?
10
What is the remainder when 346 is divided by 50?
46
Calculate the remainder when 126 is divided by 8.
6
What is the remainder when 2057 is divided by 21?
20
Calculate the remainder when 28657 is divided by 89.
88
Calculate the remainder when 255 is divided by 52.
47
Calculate the remainder when 249 is divided by 4.
1
Calculate the remainder when 143 is divided by 63.
17
Calculate the remainder when 59 is divided by 44.
15
Calculate the remainder when 1119 is divided by 4.
3
What is the remainder when 2012 is divided by 100?
12
Calculate the remainder when 607 is divided by 91.
61
Calculate the remainder when 421 is divided by 106.
103
What is the remainder when 1511 is divided by 72?
71
What is the remainder when 293 is divided by 271?
22
What is the remainder when 3129 is divided by 285?
279
Calculate the remainder when 228 is divided by 97.
34
Calculate the remainder when 3129 is divided by 116.
113
Calculate the remainder when 599 is divided by 86.
83
Calculate the remainder when 4807 is divided by 1596.
19
Calculate the remainder when 445 is divided by 202.
41
What is the remainder when 1010 is divided by 124?
18
What is the remainder when 1557 is divided by 519?
0
What is the remainder when 536 is divided by 15?
11
Calculate the remainder when 1010 is divided by 46.
44
Calculate the remainder when 74 is divided by 73.
1
Calculate the remainder when 4077 is divided by 40.
37
Calculate the remainder when 2518 is divided by 1254.
10
Calculate the remainder when 74 is divided by 54.
20
Calculate the remainder when 46 is divided by 10.
6
Calculate the remainder when 187 is divided by 9.
7
What is the remainder when 53 is divided by 24?
5
What is the remainder when 1865 is divided by 234?
227
Calculate the remainder when 2069 is divided by 90.
89
Calculate the remainder when 312 is divided by 79.
75
Calculate the remainder when 3784 is divided by 6.
4
Calculate the remainder when 5181 is divided by 108.
105
Calculate the remainder when 691 is divided by 21.
19
Calculate the remainder when 30235 is divided by 13.
10
What is the remainder when 113 is divided by 40?
33
Calculate the remainder when 307 is divided by 53.
42
Calculate the remainder when 1195 is divided by 13.
12
Calculate the remainder when 134 is divided by 35.
29
Calculate the remainder when 645 is divided by 112.
85
What is the remainder when 805 is divided by 289?
227
What is the remainder when 78 is divided by 10?
8
Calculate the remainder when 117 is divided by 5.
2
What is the remainder when 223 is divided by 62?
37
What is the remainder when 53 is divided by 36?
17
Calculate the remainder when 65 is divided by 5.
0
Calculate the remainder when 6 is divided by 4.
2
Calculate the remainder when 35 is divided by 18.
17
Calculate the remainder when 764 is divided by 15.
14
What is the remainder when 1224 is divided by 37?
3
Calculate the remainder when 289 is divided by 74.
67
Calculate the remainder when 51 is divided by 47.
4
Calculate the remainder when 296 is divided by 146.
4
Calculate the remainder when 46 is divided by 27.
19
What is the remainder when 732 is divided by 124?
112
Calculate the remainder when 216 is divided by 22.
18
What is the remainder when 2126 is divided by 14?
12
What is the remainder when 183 is divided by 67?
49
Calculate the remainder when 127 is divided by 39.
10
What is the remainder when 1078 is divided by 15?
13
Calculate the remainder when 403 is divided by 40.
3
What is the remainder when 307 is divided by 59?
12
What is the remainder when 1726 is divided by 854?
18
Calculate the remainder when 564 is divided by 9.
6
What is the remainder when 1092 is divided by 353?
33
What is the remainder when 1608 is divided by 13?
9
What is the remainder when 4206 is divided by 1400?
6
Calculate the remainder when 1452 is divided by 199.
59
Calculate the remainder when 2391 is divided by 18.
15
What is the remainder when 3364 is divided by 34?
32
What is the remainder when 1203 is divided by 599?
5
What is the remainder when 326 is divided by 43?
25
What is the remainder when 18 is divided by 12?
6
Calculate the remainder when 817 is divided by 63.
61
What is the remainder when 617 is divided by 31?
28
What is the remainder when 571 is divided by 52?
51
Calculate the remainder when 1906 is divided by 391.
342
What is the remainder when 459 is divided by 6?
3
What is the remainder when 787 is divided by 33?
28
What is the remainder when 433 is divided by 146?
141
Calculate the remainder when 273 is divided by 57.
45